79
Convert -59421 (base 13) to base 12.
-7a5a9
-111011110011001101 (base 2) to base 7
-2040054
-2030300211 (base 4) to base 10
-576549
Convert -1283469 (base 11) to base 5.
-1031342333
What is -712005 (base 11) in base 3?
-2011011012000
What is -a766ba (base 13) in base 9?
-7345102
-174941 (base 11) to base 13
-95b7c
What is 19c6b (base 16) in base 10?
105579
-2122021210112 (base 3) to base 6
-50024105
What is 235604 (base 8) in base 12?
3a8b0
Convert 27a442 (base 14) to base 2.
101001111001010101010
314344341 (base 5) to base 2
101000011011110101011
Convert -64812d (base 15) to base 7.
-55452256
Convert 105022244 (base 6) to base 14.
37c388
Convert 137a5c6 (base 14) to base 10.
9440514
What is -130134234 (base 5) in base 14?
-125b29
101b86 (base 12) to base 14
67cd8
Convert 110100101111100000 (base 2) to base 12.
a5028
Convert 44021013 (base 5) to base 4.
1123320333
What is -25196 (base 13) in base 10?
-68399
What is -1612236 (base 8) in base 4?
-1301102132
433837 (base 9) to base 6
5313524
What is 42011242 (base 5) in base 11?
215978
258a627 (base 11) to base 3
22102120211000
Convert -2121110120202 (base 3) to base 7.
-14534453
Convert 3b5938 (base 14) to base 4.
13310313332
Convert -5eb7e (base 15) to base 7.
-2401202
Convert -10240312 (base 5) to base 3.
-11102021122
Convert -11100311201 (base 4) to base 8.
-5206541
Convert 2033023 (base 5) to base 14.
c2db
Convert 1100001001111001110 (base 2) to base 11.
252269
-56921 (base 13) to base 8
-463537
What is 1110111001101101000000 (base 2) in base 9?
7313468
What is 1130400440 (base 5) in base 15?
362965
-1a8129 (base 11) to base 2
-1001101101100110101
What is -896a1 (base 12) in base 5?
-21314200
-3444432111 (base 5) to base 6
-435232255
-2d60 (base 15) to base 16
-2625
-14f1c (base 16) to base 3
-11100200100
-233354040 (base 6) to base 2
-10000101010110100101000
What is 2414123 (base 5) in base 15?
d493
Convert -367519 (base 11) to base 8.
-2156515
What is b8c0 (base 13) in base 8?
62113
-677a02 (base 15) to base 14
-927034
Convert -4617703 (base 8) to base 6.
-42510215
-79a7c7 (base 15) to base 10
-5806762
Convert -110431401 (base 6) to base 9.
-3670441
-103300113011 (base 4) to base 14
-98b47b
Convert -21311211 (base 6) to base 10.
-631447
Convert -165843 (base 10) to base 3.
-22102111100
Convert -c13563 (base 13) to base 14.
-84cc42
565466 (base 7) to base 9
162645
What is 20012102001 (base 3) in base 7?
1015543
-46207 (base 9) to base 8
-74103
12551455 (base 6) to base 16
664bb
What is -784325 (base 14) in base 2?
-1111100100111111101101
What is -8125846 (base 10) in base 9?
-16254507
Convert 1735454 (base 9) to base 2.
11101100011100100101
Convert 310431042 (base 5) to base 3.
2101020121011
What is -4167d (base 16) in base 14?
-6d8bb
Convert -2978426 (base 11) to base 16.
-4dea34
Convert 124313332 (base 5) to base 8.
2272502
What is -10201100011011 (base 3) in base 10?
-1974973
Convert -2438633 (base 10) to base 5.
-1111014013
What is -ac788 (base 14) in base 11?
-266538
-11200033302 (base 4) to base 3
-2201022011010
Convert 43425425 (base 6) to base 16.
13c139
Convert 1100110010110001110110 (base 2) to base 4.
30302301312
What is -33331202 (base 4) in base 14?
-19b7c
What is -3211403433 (base 5) in base 8?
-31572350
212220220102221 (base 3) to base 5
11223311403
1646a (base 13) to base 4
22120023
Convert 122110102000 (base 3) to base 6.
11211000
8d001 (base 14) to base 5
41434001
What is -10a286 (base 14) in base 6?
-20043154
What is -10111001010110110 (base 2) in base 4?
-113022312
Convert 14365 (base 13) to base 5.
2203224
What is -1748220 (base 9) in base 12?
-3b1500
29bfaa (base 16) to base 5
1200023132
Convert -201c84 (base 14) to base 13.
-2bac81
What is -1352455 (base 6) in base 11?
-529a9
Convert -4252000 (base 6) to base 10.
-209088
What is -12343404 (base 7) in base 2?
-100010001011101011111
b2294 (base 12) to base 8
705020
What is 22732 (base 8) in base 5?
302230
What is 25120421 (base 7) in base 2?
1000100111000011111111
101101010100000101011 (base 2) to base 11
924648
What is -90f2 (base 16) in base 4?
-21003302
Convert -5417d (base 16) to base 14.
-8d753
Convert -675142 (base 9) to base 7.
-3301541
10111010001110101 (base 2) to base 14
26a69
What is 111011201020 (base 3) in base 7?
2130006
Convert 135624 (base 15) to base 4.
3202323211
21544371 (base 8) to base 3
22201200110200
What is -9103726 (base 10) in base 12?
-307043a
What is -3382423 (base 9) in base 11?
-10377a3
Convert a03c1 (base 16) to base 11.
409116
What is -12111121111000 (base 3) in base 5?
-1222100344
What is -467839 (base 10) in base 4?
-1302031333
What is 340402320 (base 6) in base 4?
113213102220
What is 22202021000 (base 3) in base 10?
172233
Convert -3a77932 (base 11) to base 7.
-113552206
What is -244232404 (base 5) in base 3?
-2012011201010
Convert -61109a (base 15) to base 14.
-88025d
546b3 (base 16) to base 8
1243263
Convert 2364a (base 16) to base 12.
6ba8a
Convert 1020424210 (base 5) to base 6.
113303504
-12631322 (base 7) to base 14
-225612
19ba6a (base 15) to base 11
787562
Convert -72136 (base 8) to base 6.
-345530
What is 111196 (base 10) in base 14?
2c748
-1a77457 (base 12) to base 13
-122277a
Convert 404424402 (base 6) to base 7.
112662431
23215010 (base 7) to base 2
111110001100000001010
Convert 120201121221 (base 3) to base 4.
1023210301
Convert -1661154 (base 8) to base 11.
-300663
What is -4672224 (base 8) in base 6?
-43154524
345402 (base 13) to base 4
10232223222
Convert -232323213 (base 4) to base 3.
-100202200200
What is 3033032113 (base 4) in base 6?
30105331
Convert 12001111020012 (base 3) to base 9.
5044205
What is -1300002021 (base 4) in base 14?
-bd33b
Convert -52330415 (base 7) to base 15.
-5c1db5
233312030131 (base 4) to base 2
101111110110001100011101
What is c1bc89 (base 15) in base 12?
30b9a33
Convert 675673 (base 9) to base 11.
256933
Convert -1585936 (base 10) to base 15.
-214d91
Convert 2a105e (base 16) to base 3.
12012001111002
Convert -1886657 (base 13) to base 14.
-10d3dd3
Convert 355606 (base 9) to base 3.
101212200020
Convert 1062154 (base 7) to base 16.
206dd
Convert ef27a (base 16) to base 2.
11101111001001111010
What is 10111000011001101010000 (base 2) in base 9?
12328611
What is -3962c (base 13) in base 10?
-106508
What is -415553 (base 9) in base 16?
-3c447
Convert 6121424 (base 7) to base 2.
10110001101111111100
-8710798 (base 10) to base 2
-100001001110101010001110
Convert 100001100010110101 (base 2) to base 8.
414265
What is 24107753 (base 8) in base 4?
110020333223
-13a79 (base 11) to base 14
-7398
What is -38287 (base 10) in base 8?
-112617
Convert -8753333 (base 9) to base 15.
-62c976
35676444 (base 8) to base 15
a4a39a
-112220221212 (base 3) to base 15
-5c08b
-4660377 (base 8) to base 3
-2101112010121
-2576831 (base 12) to base 13
-16b1b34
What is -12012200012 (base 4) in base 9?
-3007075
What is 210201020102 (base 3) in base 8?
1502547
What is 12032322330 (base 4) in base 7?
16613535
Convert 5e131 (base 15) to base 14.
7b7ca
Convert 2bc29 (base 14) to base 12.
53391
Convert 100120010212 (base 3) to base 11.
119429
Convert 211002012120 (base 3) to base 7.
3460104
What is -300025 (base 6) in base 2?
-101101100110001
What is 66567 (base 16) in base 6?
12552343
Convert 2001112 (base 5) to base 15.
948c
110c41 (base 14) to base 9
1071673
-614b4 (base 12) to base 7
-1035562
Convert 5453040 (base 7) to base 12.
282a73
What is 497a7 (base 12) in base 2?
11000010100101111
1d7cb (base 16) to base 2
11101011111001011
Convert 3420063 (base 7) to base 13.
11b5c0
-1045227 (base 10) to base 13
-2a79a1
177536 (base 9) to base 14
2c3c1
-353333 (base 7) to base 14
-1928a
297d47 (base 15) to base 16
1e8860
What is 4264101 (base 7) in base 3?
222102100200
Convert -51784 (base 12) to base 4.
-122000110
What is -4050303 (base 8) in base 3?
-2000022201220
Convert 20240152 (base 6) to base 15.
b70bb
Convert 22145006 (base 7) to base 5.
442114031
What is 70734 (base 9) in base 6?
555221
What is -10300300 (base 4) in base 6?
-230144
What is 12352454 (base 8) in base 11?
1602847
200133112 (base 4) to base 8
403726
Convert 5a98 (base 16) to base 10.
23192
1042471 (base 8) to base 7
2243635
4137051 (base 9) to base 6
115205501
Convert 1c411 (base 14) to base 10.
72143
What 